{"id":675,"date":"2017-01-26T20:40:05","date_gmt":"2017-01-26T20:40:05","guid":{"rendered":"http:\/\/hispanisztikaszeged.hu\/?page_id=675"},"modified":"2018-03-14T22:09:11","modified_gmt":"2018-03-14T21:09:11","slug":"archivum","status":"publish","type":"page","link":"https:\/\/hispanisztikaszeged.hu\/?page_id=675","title":{"rendered":"SERIE DID\u00c1CTICA arch\u00edvum"},"content":{"rendered":"<p><strong><span style=\"color: #003366;\">Az al\u00e1bbiakban tal\u00e1lj\u00e1k a SERIE DID\u00c1CTICA foly\u00f3irat kor\u00e1bbi sz\u00e1mait.<\/span><\/strong><\/p>\n<p>2018. \u00e9vi sz\u00e1m: <a href=\"https:\/\/hispanisztikaszeged.hu\/wp-content\/uploads\/2016\/10\/seriedidactica2018.pdf\" target=\"_blank\">Serie Did\u00e1ctica Vol. 2. 2018<\/a><\/p>\n<p><span style=\"color: #003366;\">2017. \u00e9vi sz\u00e1m: <a href=\"https:\/\/hispanisztikaszeged.hu\/wp-content\/uploads\/2017\/01\/seriedidactica2016_rev.pdf\" target=\"_blank\">Serie Did\u00e1ctica 2017<\/a><\/span><\/p>\n<p>&nbsp;<\/p>\n<p><span style=\"color: #003366;\"><strong>Hanganyag \u00e9s multim\u00e9di\u00e1s file arch\u00edvum:<\/strong><\/span><\/p>\n<p><span style=\"color: #003366;\">2017. \u00e9vi sz\u00e1m<\/span><\/p>\n<p><span style=\"color: #003366;\"> \u00bfQu\u00e9 tiempo hace hoy? (123. oldal) hanganyaga:<\/span><\/p>\n<!--[if lt IE 9]><script>document.createElement('audio');<\/script><![endif]-->\n<audio class=\"wp-audio-shortcode\" id=\"audio-675-1\" preload=\"none\" style=\"width: 100%;\" controls=\"controls\"><source type=\"audio\/mpeg\" src=\"https:\/\/hispanisztikaszeged.hu\/wp-content\/uploads\/2017\/01\/comprension_auditiva_pronostico_meteorologico.mp3?_=1\" \/><a href=\"https:\/\/hispanisztikaszeged.hu\/wp-content\/uploads\/2017\/01\/comprension_auditiva_pronostico_meteorologico.mp3\">https:\/\/hispanisztikaszeged.hu\/wp-content\/uploads\/2017\/01\/comprension_auditiva_pronostico_meteorologico.mp3<\/a><\/audio>\n<p>&nbsp;<\/p>\n","protected":false},"excerpt":{"rendered":"<p>Az al\u00e1bbiakban tal\u00e1lj\u00e1k a SERIE DID\u00c1CTICA foly\u00f3irat kor\u00e1bbi sz\u00e1mait. 2018. \u00e9vi sz\u00e1m: Serie Did\u00e1ctica Vol. 2. 2018 2017. \u00e9vi sz\u00e1m: Serie Did\u00e1ctica 2017 &nbsp; Hanganyag \u00e9s multim\u00e9di\u00e1s file arch\u00edvum: 2017. \u00e9vi sz\u00e1m \u00bfQu\u00e9 tiempo hace hoy? (123. oldal) hanganyaga: &nbsp;<\/p>\n","protected":false},"author":3,"featured_media":0,"parent":186,"menu_order":0,"comment_status":"closed","ping_status":"closed","template":"","meta":{"footnotes":""},"class_list":["post-675","page","type-page","status-publish","hentry"],"_links":{"self":[{"href":"https:\/\/hispanisztikaszeged.hu\/index.php?rest_route=\/wp\/v2\/pages\/675","targetHints":{"allow":["GET"]}}],"collection":[{"href":"https:\/\/hispanisztikaszeged.hu\/index.php?rest_route=\/wp\/v2\/pages"}],"about":[{"href":"https:\/\/hispanisztikaszeged.hu\/index.php?rest_route=\/wp\/v2\/types\/page"}],"author":[{"embeddable":true,"href":"https:\/\/hispanisztikaszeged.hu\/index.php?rest_route=\/wp\/v2\/users\/3"}],"replies":[{"embeddable":true,"href":"https:\/\/hispanisztikaszeged.hu\/index.php?rest_route=%2Fwp%2Fv2%2Fcomments&post=675"}],"version-history":[{"count":11,"href":"https:\/\/hispanisztikaszeged.hu\/index.php?rest_route=\/wp\/v2\/pages\/675\/revisions"}],"predecessor-version":[{"id":1078,"href":"https:\/\/hispanisztikaszeged.hu\/index.php?rest_route=\/wp\/v2\/pages\/675\/revisions\/1078"}],"up":[{"embeddable":true,"href":"https:\/\/hispanisztikaszeged.hu\/index.php?rest_route=\/wp\/v2\/pages\/186"}],"wp:attachment":[{"href":"https:\/\/hispanisztikaszeged.hu\/index.php?rest_route=%2Fwp%2Fv2%2Fmedia&parent=675"}],"curies":[{"name":"wp","href":"https:\/\/api.w.org\/{rel}","templated":true}]}}