{"id":48,"date":"2016-10-24T20:04:06","date_gmt":"2016-10-24T20:04:06","guid":{"rendered":"http:\/\/hispanisztikaszeged.hu\/wordpress\/?page_id=48"},"modified":"2025-10-13T14:31:22","modified_gmt":"2025-10-13T12:31:22","slug":"dr-katona-eszter","status":"publish","type":"page","link":"https:\/\/hispanisztikaszeged.hu\/?page_id=48","title":{"rendered":"Dr. habil. Katona Eszter"},"content":{"rendered":"<p><img loading=\"lazy\" decoding=\"async\" class=\"alignleft wp-image-518 size-thumbnail\" src=\"https:\/\/hispanisztikaszeged.hu\/wp-content\/uploads\/2016\/11\/ke2-150x150.jpg\" alt=\"ke2\" width=\"150\" height=\"150\" \/><\/p>\n<p><span style=\"color: #003366;\"><strong>Dr. habil. Katona Eszter<\/strong><\/span><br \/>\n<span style=\"color: #003366;\"> egyetemi docens<\/span><br \/>\n<span style=\"color: #003366;\"> <a style=\"color: #003366;\" href=\"mailto:katonaeszter@gmail.com\">katonaeszter @ gmail.com<\/a><\/span><br \/>\n<span style=\"color: #003366;\"> fogad\u00f3\u00f3ra: kedd 11.30-12.30. 2025-26\/I. f\u00e9l\u00e9v\u00a0 (el\u0151zetes e-mailes egyeztet\u00e9s alapj\u00e1n)<\/span><br \/>\n<strong><a href=\"https:\/\/hispanisztikaszeged.hu\/wp-content\/uploads\/2025\/01\/CV_KE_HU.pdf\">\u00c9letrajz<\/a><\/strong><br \/>\n<a href=\"https:\/\/vm.mtmt.hu\/\/search\/slist.php?nwi=1&amp;inited=1&amp;ty_on=1&amp;url_on=1&amp;cite_type=2&amp;orderby=3D1a&amp;location=mtmt&amp;stn=1&amp;AuthorID=10022314\"><span style=\"color: #003366;\"> <strong> Publik\u00e1ci\u00f3s jegyz\u00e9k<\/strong><\/span><\/a><\/p>\n<p><span style=\"color: #003366;\"><strong>Oktatott t\u00e1rgyak:<\/strong><\/span><\/p>\n<p><span style=\"color: #003366;\"><strong>Hispanisztika Tansz\u00e9k<\/strong><br \/>\nA spanyol romantika \u00e9s realizmus \/ A XVIII-XIX. sz\u00e1zadi spanyol irodalom<br \/>\nA spanyol aranykor irodalma \/ A k\u00f6z\u00e9pkor \u00e9s az aranykor spanyol irodalma<br \/>\nSpanyol-Amerika irodalma<br \/>\nHisp\u00e1n k\u00f6lt\u00e9szeti szemin\u00e1rium<br \/>\nSpanyol sz\u00ednh\u00e1zt\u00f6rt\u00e9net<br \/>\nSpanyol irodalom a XX. sz\u00e1zadban (1936-ig)<br \/>\nXX. sz\u00e1zadi spanyol elbesz\u00e9l\u0151k<br \/>\nMagyar-hisp\u00e1n irodalmi kapcsolatok<br \/>\nSpanyolorsz\u00e1g \u00e9s Magyarorsz\u00e1g az Eur\u00f3pai Uni\u00f3ban \/ Az Eur\u00f3pai Uni\u00f3 \u00e9s a hisp\u00e1n vil\u00e1g<br \/>\nSpanyol-Amerika orsz\u00e1gismeret<br \/>\nKutat\u00e1sm\u00f3dszertan<\/span><\/p>\n<p><span style=\"color: #003366;\"><strong>Ford\u00edt\u00f3- \u00e9s tolm\u00e1csk\u00e9pz\u00e9s<\/strong><br \/>\nFord\u00edt\u00e1stechnika: spanyolr\u00f3l-magyarra<br \/>\nM\u0171\/ford\u00edt\u00e1s: a spanyol nyelv\u0171 irodalmak magyar m\u0171ford\u00edt\u00e1s\u00e1nak t\u00f6rt\u00e9nete<\/span><\/p>\n","protected":false},"excerpt":{"rendered":"<p>Dr. habil. Katona Eszter egyetemi docens katonaeszter @ gmail.com fogad\u00f3\u00f3ra: kedd 11.30-12.30. 2025-26\/I. f\u00e9l\u00e9v\u00a0 (el\u0151zetes e-mailes egyeztet\u00e9s alapj\u00e1n) \u00c9letrajz Publik\u00e1ci\u00f3s jegyz\u00e9k Oktatott t\u00e1rgyak: Hispanisztika Tansz\u00e9k A spanyol romantika \u00e9s realizmus \/ A XVIII-XIX. sz\u00e1zadi spanyol irodalom A spanyol aranykor irodalma <a href=\"https:\/\/hispanisztikaszeged.hu\/?page_id=48\" class=\"read-more\">Read More &#8230;<\/a><\/p>\n","protected":false},"author":3,"featured_media":0,"parent":13,"menu_order":4,"comment_status":"closed","ping_status":"closed","template":"","meta":{"footnotes":""},"class_list":["post-48","page","type-page","status-publish","hentry"],"_links":{"self":[{"href":"https:\/\/hispanisztikaszeged.hu\/index.php?rest_route=\/wp\/v2\/pages\/48","targetHints":{"allow":["GET"]}}],"collection":[{"href":"https:\/\/hispanisztikaszeged.hu\/index.php?rest_route=\/wp\/v2\/pages"}],"about":[{"href":"https:\/\/hispanisztikaszeged.hu\/index.php?rest_route=\/wp\/v2\/types\/page"}],"author":[{"embeddable":true,"href":"https:\/\/hispanisztikaszeged.hu\/index.php?rest_route=\/wp\/v2\/users\/3"}],"replies":[{"embeddable":true,"href":"https:\/\/hispanisztikaszeged.hu\/index.php?rest_route=%2Fwp%2Fv2%2Fcomments&post=48"}],"version-history":[{"count":37,"href":"https:\/\/hispanisztikaszeged.hu\/index.php?rest_route=\/wp\/v2\/pages\/48\/revisions"}],"predecessor-version":[{"id":2697,"href":"https:\/\/hispanisztikaszeged.hu\/index.php?rest_route=\/wp\/v2\/pages\/48\/revisions\/2697"}],"up":[{"embeddable":true,"href":"https:\/\/hispanisztikaszeged.hu\/index.php?rest_route=\/wp\/v2\/pages\/13"}],"wp:attachment":[{"href":"https:\/\/hispanisztikaszeged.hu\/index.php?rest_route=%2Fwp%2Fv2%2Fmedia&parent=48"}],"curies":[{"name":"wp","href":"https:\/\/api.w.org\/{rel}","templated":true}]}}