{"id":43,"date":"2016-10-24T20:03:25","date_gmt":"2016-10-24T20:03:25","guid":{"rendered":"http:\/\/hispanisztikaszeged.hu\/wordpress\/?page_id=43"},"modified":"2025-10-13T14:28:30","modified_gmt":"2025-10-13T12:28:30","slug":"dr-berta-tibor","status":"publish","type":"page","link":"https:\/\/hispanisztikaszeged.hu\/?page_id=43","title":{"rendered":"Dr. habil. Berta J. Tibor"},"content":{"rendered":"<p><img loading=\"lazy\" decoding=\"async\" class=\"alignleft wp-image-224 size-thumbnail\" src=\"https:\/\/hispanisztikaszeged.hu\/wordpress\/wp-content\/uploads\/2016\/10\/bt-150x150.jpg\" alt=\"bt\" width=\"150\" height=\"150\" \/><\/p>\n<p><span style=\"color: #003366;\"><strong>Dr. habil. Berta J. Tibor<\/strong><br \/>\negyetemi docens<br \/>\n<a href=\"mailto:tberta@hist.u-szeged.hu\">tberta @ hist.u-szeged.hu<\/a><br \/>\nFogad\u00f3\u00f3ra:\u00a0 h\u00e9tf\u0151 13.00-14.00. 2025-26\/I. f\u00e9l\u00e9v (el\u0151zetes e-mailes egyeztet\u00e9s alapj\u00e1n)<br \/>\n<strong><a href=\"https:\/\/hispanisztikaszeged.hu\/wp-content\/uploads\/2025\/01\/CV_BJT_hu.pdf\">\u00c9letrajz<\/a><\/strong><br \/>\n<a href=\"https:\/\/m2.mtmt.hu\/gui2\/?type=authors&amp;mode=browse&amp;sel=authors10011679\"><strong>Publik\u00e1ci\u00f3s jegyz\u00e9k<\/strong><\/a><br \/>\n<\/span><\/p>\n<p><strong><span style=\"color: #003366;\">Oktatott tant\u00e1rgyak:<br \/>\n<\/span><\/strong><br \/>\n<strong><span style=\"color: #003366;\">Hispanisztika Tansz\u00e9k<\/span><\/strong><br \/>\n<span style=\"color: #003366;\">Spanyol hangtan \u00e9s helyes\u00edr\u00e1s<\/span><br \/>\n<span style=\"color: #003366;\">Spanyol morfoszintaxis \/ Le\u00edr\u00f3 spanyol nyelvtan<\/span><br \/>\n<span style=\"color: #003366;\">Mai spanyol nyelvv\u00e1ltozatok \/ A mai spanyol nyelv<\/span><br \/>\n<span style=\"color: #003366;\">A spanyol nyelv r\u00f6vid t\u00f6rt\u00e9nete<\/span><br \/>\n<span style=\"color: #003366;\">A katal\u00e1n nyelv v\u00e1zlatos t\u00f6rt\u00e9nete<\/span><br \/>\n<span style=\"color: #003366;\">A spanyol nyelv\u00e9szet aktu\u00e1lis k\u00e9rd\u00e9sei \/ Nyelv\u00e9szeti modellek<\/span><br \/>\n<span style=\"color: #003366;\">Bevezet\u00e9s a pragmatik\u00e1ba<\/span><br \/>\n<span style=\"color: #003366;\">Bevezet\u00e9s a t\u00f6rt\u00e9neti \u00f6sszehasonl\u00edt\u00f3 neolatin nyelv\u00e9szetbe<\/span><br \/>\n<span style=\"color: #003366;\">Spanyol t\u00f6rt\u00e9neti nyelvtan<\/span><br \/>\n<span style=\"color: #003366;\">Igei k\u00f6r\u00fcl\u00edr\u00e1sok az iberorom\u00e1n nyelvekben<\/span><br \/>\n<span style=\"color: #003366;\">K\u00f6z\u00e9pkori sz\u00f6vegek filol\u00f3giai elemz\u00e9se<\/span><\/p>\n<p><strong><span style=\"color: #003366;\">Romanisztika Int\u00e9zet<\/span><\/strong><br \/>\n<span style=\"color: #003366;\">Az \u00fajlatin nyelvek kialakul\u00e1sa \u00e9s elterjed\u00e9se \/ Bevezet\u00e9s az \u00fajlatin nyelvek t\u00f6rt\u00e9net\u00e9be<\/span><\/p>\n<p><span style=\"color: #003366;\"><strong><em><u><br \/>\nLet\u00f6lthet\u0151 publik\u00e1ci\u00f3k:<br \/>\n<\/u><\/em><\/strong><a style=\"color: #003366;\" href=\"http:\/\/www.hispanisztikaszeged.hu\/images\/BT\/bertatibor3.pdf\">Morfosintaxis hist\u00f3rica del verbo en las lenguas romances de la Pen\u00ednsula Ib\u00e9rica<br \/>\n<\/a><\/span><span style=\"color: #003366;\"><a style=\"color: #003366;\" href=\"http:\/\/www.hispanisztikaszeged.hu\/images\/BT\/cliticoseinfinitivo.pdf\">Cl\u00edticos e infinitivo. Contribuci\u00f3n a la historia de la promoci\u00f3n de los cl\u00edticos en espa\u00f1ol y portugu\u00e9s<br \/>\n<\/a><\/span><span style=\"color: #003366;\"><a style=\"color: #003366;\" href=\"http:\/\/www.hispanisztikaszeged.hu\/images\/BT\/infinitivos.pdf\">La estructura de las construcciones de infinitivo en textos espa\u00f1oles y portugueses medievales<br \/>\n<\/a><\/span><span style=\"color: #003366;\"><a style=\"color: #003366;\" href=\"http:\/\/www.hispanisztikaszeged.hu\/images\/BT\/sintaxishistoricaiberorromanica.pdf\">Sintaxis hist\u00f3rica iberorrom\u00e1nica: complejos verbales medievales<\/a><\/span><\/p>\n","protected":false},"excerpt":{"rendered":"<p>Dr. habil. Berta J. Tibor egyetemi docens tberta @ hist.u-szeged.hu Fogad\u00f3\u00f3ra:\u00a0 h\u00e9tf\u0151 13.00-14.00. 2025-26\/I. f\u00e9l\u00e9v (el\u0151zetes e-mailes egyeztet\u00e9s alapj\u00e1n) \u00c9letrajz Publik\u00e1ci\u00f3s jegyz\u00e9k Oktatott tant\u00e1rgyak: Hispanisztika Tansz\u00e9k Spanyol hangtan \u00e9s helyes\u00edr\u00e1s Spanyol morfoszintaxis \/ Le\u00edr\u00f3 spanyol nyelvtan Mai spanyol nyelvv\u00e1ltozatok \/ <a href=\"https:\/\/hispanisztikaszeged.hu\/?page_id=43\" class=\"read-more\">Read More &#8230;<\/a><\/p>\n","protected":false},"author":3,"featured_media":0,"parent":13,"menu_order":1,"comment_status":"closed","ping_status":"closed","template":"","meta":{"footnotes":""},"class_list":["post-43","page","type-page","status-publish","hentry"],"_links":{"self":[{"href":"https:\/\/hispanisztikaszeged.hu\/index.php?rest_route=\/wp\/v2\/pages\/43","targetHints":{"allow":["GET"]}}],"collection":[{"href":"https:\/\/hispanisztikaszeged.hu\/index.php?rest_route=\/wp\/v2\/pages"}],"about":[{"href":"https:\/\/hispanisztikaszeged.hu\/index.php?rest_route=\/wp\/v2\/types\/page"}],"author":[{"embeddable":true,"href":"https:\/\/hispanisztikaszeged.hu\/index.php?rest_route=\/wp\/v2\/users\/3"}],"replies":[{"embeddable":true,"href":"https:\/\/hispanisztikaszeged.hu\/index.php?rest_route=%2Fwp%2Fv2%2Fcomments&post=43"}],"version-history":[{"count":43,"href":"https:\/\/hispanisztikaszeged.hu\/index.php?rest_route=\/wp\/v2\/pages\/43\/revisions"}],"predecessor-version":[{"id":2695,"href":"https:\/\/hispanisztikaszeged.hu\/index.php?rest_route=\/wp\/v2\/pages\/43\/revisions\/2695"}],"up":[{"embeddable":true,"href":"https:\/\/hispanisztikaszeged.hu\/index.php?rest_route=\/wp\/v2\/pages\/13"}],"wp:attachment":[{"href":"https:\/\/hispanisztikaszeged.hu\/index.php?rest_route=%2Fwp%2Fv2%2Fmedia&parent=43"}],"curies":[{"name":"wp","href":"https:\/\/api.w.org\/{rel}","templated":true}]}}