{"id":287,"date":"2016-10-27T20:48:42","date_gmt":"2016-10-27T20:48:42","guid":{"rendered":"http:\/\/hispanisztikaszeged.hu\/wordpress\/?page_id=287"},"modified":"2022-12-28T15:05:52","modified_gmt":"2022-12-28T14:05:52","slug":"acta-hispanica","status":"publish","type":"page","link":"https:\/\/hispanisztikaszeged.hu\/?page_id=287","title":{"rendered":"Acta Hispanica"},"content":{"rendered":"<div>\n<div style=\"text-align: justify;\"><span style=\"color: #003366;\">Acta Hispanica es una revista cient\u00edfica e indexada del Departamento de Estudios Hisp\u00e1nicos que se publica anualmente desde 1996. Es de car\u00e1cter interdisciplinario que recoge art\u00edculos y estudios sobre la cultura, historia y literatura hispana as\u00ed como sobre ling\u00fc\u00edstica espa\u00f1ola en lengua espa\u00f1ola, catalana, gallega o portuguesa, y en algunos casos inglesa.<\/span><\/div>\n<\/div>\n<p style=\"text-align: justify;\"><strong>I<span style=\"color: #003366;\">nstrucciones para el autor:<\/span><\/strong><\/p>\n<p style=\"text-align: justify;\"><span style=\"color: #003366;\">Los manuscritos deben ser\u00a0 subidos a la plataforma OJS de la revista:\u00a0https:\/\/ojs.bibl.u-szeged.hu\/index.php\/acthisp tras una registraci\u00f3n.<\/span><br \/>\n<span style=\"color: #003366;\"> Cada uno de los art\u00edculos ser\u00e1 revisado por dos expertos de la materia quienes aprobar\u00e1n su publicaci\u00f3n o le aconsejar\u00e1n al autor eventuales modificaciones. Los autores ser\u00e1n informados a trav\u00e9s de la plataforma del sistema de Open Journal del resultado del arbitraje y del proceso editorial. Les corresponde a los autores la responsabilidad por el contenido de su art\u00edculo y precisi\u00f3n de las referencias.<\/span><\/p>\n<p style=\"text-align: justify;\"><span style=\"color: #003366;\"> <em>Normas de publicaci\u00f3n<\/em><\/span><br \/>\n<span style=\"color: #003366;\"> La extensi\u00f3n del documento electr\u00f3nico no debe sobrepasar los 30.000 caracteres, incluidas las notas. Por las normas de redacci\u00f3n pinche <a href=\"https:\/\/hispanisztikaszeged.hu\/wp-content\/uploads\/2016\/10\/ACTA-2019-\u00faj-norm\u00e1k.docx\" target=\"_blank\">aqu\u00ed<\/a>.<\/span><\/p>\n<p>&nbsp;<\/p>\n<p style=\"text-align: justify;\"><span style=\"color: #003366;\"><strong>BREVE HISTORIA<\/strong><\/span><\/p>\n<p style=\"text-align: justify;\"><span style=\"color: #003366;\">Las investigaciones de la historia latinoamericana y espa\u00f1ola empezaron en la Universidad de Szeged, con la iniciativa del profesor Tibor Wittman. \u00c9l fund\u00f3 en 1967 el Departamento de Historia Universal Medieval e Historia de Am\u00e9rica Latina y paralelamente, en el mismo a\u00f1o naci\u00f3 la serie del Acta Historica Studia Latinoamericana que tuvo 15 tomos hasta 1992. En 1992 ya funcionaba una formaci\u00f3n en lengua espa\u00f1ola iniciada por el profesor Anderle, que, despu\u00e9s de convertirse en departamento en 1993, continu\u00f3 las investigaciones empezadas en temas latinoamericanos ampli\u00e1ndolas con temas espa\u00f1oles tanto en el terreno de historia como en los terrenos de ling\u00fc\u00edstica, literatura y etnograf\u00eda.<\/span><\/p>\n<p style=\"text-align: justify;\"><span style=\"color: #003366;\">Apenas tres a\u00f1os despu\u00e9s de la fundaci\u00f3n del departamento, como sucesi\u00f3n a la revista Studia Latinoamericana naci\u00f3 una nueva publicaci\u00f3n, el anuario del departamento en lengua castellana, el Acta Hispanica. La Junta de Redactores en los primeros tiempos la formaban \u00c1d\u00e1m Anderle, M\u00e1ria Dornbach, Iv\u00e1n Hars\u00e1nyi y Katalin Kulin. En los a\u00f1os sucesivos, en los diferentes tomos, la composici\u00f3n del consejo de redacci\u00f3n cambi\u00f3 y se complet\u00f3 con Lajos Bogl\u00e1r, Zolt\u00e1n Koll\u00e1r, Ferenc Fischer, Gyula Horv\u00e1th, Istv\u00e1n Szil\u00e1gyi, Istv\u00e1n Sz\u00e1szdi, Tibor Berta y Zsuzsanna Csik\u00f3s. En el anuario estaban presentes las diferentes l\u00edneas de investigaci\u00f3n (civilizaci\u00f3n, literatura, ling\u00fc\u00edstica e incluso did\u00e1ctica) que caracterizaban el Departamento de Estudios Hisp\u00e1nicos.<\/span><\/p>\n<p style=\"text-align: justify;\"><span style=\"color: #003366;\">En los \u00faltimos doce a\u00f1os tanto los docentes del departamento como los estudiantes de doctorado han tenido la posibilidad de publicar los resultados de sus investigaciones. En algunos a\u00f1os los art\u00edculos publicados se vinculaban con alguna disciplina o abarcaban temas especiales.<\/span><\/p>\n<p style=\"text-align: justify;\"><span style=\"color: #003366;\">El editor y redactor principal de los primeros doce tomos fue \u00c1d\u00e1m Anderle. En 2008 Tibor Berta se hizo cargo de la direcci\u00f3n del departamento junto con la redacci\u00f3n del anuario. El nuevo redactor principal\u00a0 ten\u00eda la intenci\u00f3n de seguir las tradiciones iniciadas editando en Acta Hispanica\u00a0 ensayos pertenecientes a diversos campos de investigaci\u00f3n, pero introdujo novedades, entre las cuales se encuentra la renovaci\u00f3n de la imagen f\u00edsica del anuario. Desde 2014, como directora del Departamento de Estudios Hisp\u00e1nicos,\u00a0 Zsuzsanna Csik\u00f3s es la redactora principal del anuario, quien, siguiendo la tradici\u00f3n, se dirige a los hispanistas de otros centros de investigaci\u00f3n y expresa sus esperanzas de que sigan colaborando con nuestro anuario en el futuro tambi\u00e9n.<\/span><\/p>\n<p>&nbsp;<\/p>\n<p><span style=\"color: #003366;\">Los tomos de Acta Hispanica &#8211;\u00a0Nuestra publicaci\u00f3n es accesible en Open Journal System:\u00a0Acta Hispanica\u00a0<\/span><\/p>\n<p><span style=\"color: #003366;\">TOMUS XXVII (2022) <a style=\"color: #003366;\" href=\"https:\/\/hispanisztikaszeged.hu\/wp-content\/uploads\/2016\/10\/Acta_Hisp_Vol_27.pdf\">versi\u00f3n descargable<\/a><\/span><br \/>\n<span style=\"color: #003366;\"> SUPPLEMENTUM IV (2022) <a style=\"color: #003366;\" href=\"https:\/\/hispanisztikaszeged.hu\/wp-content\/uploads\/2016\/10\/Acta_Hisp_SupplIV_2022.pdf\" target=\"_blank\">versi\u00f3n descargable<\/a><\/span><br \/>\n<span style=\"color: #003366;\"> TOMUS XXVI (2021) <a style=\"color: #003366;\" href=\"https:\/\/hispanisztikaszeged.hu\/wp-content\/uploads\/2016\/10\/Acta_Hisp_26.pdf\" target=\"_blank\">versi\u00f3n descargable<\/a><\/span><br \/>\n<span style=\"color: #003366;\"> SUPPLEMENTUM III (2021) <a style=\"color: #003366;\" href=\"https:\/\/hispanisztikaszeged.hu\/wp-content\/uploads\/2016\/10\/Acta_Hisp_SuplIII_2021.pdf\" target=\"_blank\">versi\u00f3n descargable<\/a><\/span><br \/>\n<span style=\"color: #003366;\"> TOMUS XXV (2020) <a style=\"color: #003366;\" href=\"https:\/\/hispanisztikaszeged.hu\/wp-content\/uploads\/2016\/10\/Acta_Hisp_Vol_25.pdf\" target=\"_blank\">versi\u00f3n descargable<\/a><\/span><br \/>\n<span style=\"color: #003366;\"> SUPPLEMENTUM II (2020) <a style=\"color: #003366;\" href=\"https:\/\/hispanisztikaszeged.hu\/wp-content\/uploads\/2016\/10\/Acta_Hisp_SupplII_2020.pdf\" target=\"_blank\">versi\u00f3n descargable<\/a><\/span><br \/>\n<span style=\"color: #003366;\"> TOMUS XXIV (2019) <a style=\"color: #003366;\" href=\"https:\/\/hispanisztikaszeged.hu\/wp-content\/uploads\/2016\/10\/acta24.pdf\" target=\"_blank\">versi\u00f3n descargable<\/a><\/span><br \/>\n<span style=\"color: #003366;\"> SUPPLEMENTUM I (2018) <a style=\"color: #003366;\" href=\"https:\/\/hispanisztikaszeged.hu\/wp-content\/uploads\/2016\/10\/Acta_Hisp_SupplI_2018.pdf\" target=\"_blank\">versi\u00f3n descargable<\/a><br \/>\nTOMUS XXIII (2018) <a style=\"color: #003366;\" href=\"https:\/\/hispanisztikaszeged.hu\/wp-content\/uploads\/2016\/10\/acta23.pdf\" target=\"_blank\">versi\u00f3n descargable<br \/>\n<\/a>TOMUS XXII (2017) <a style=\"color: #003366;\" href=\"https:\/\/hispanisztikaszeged.hu\/wp-content\/uploads\/2016\/10\/actahispanica22.pdf\">versi\u00f3n descargable<\/a><br \/>\nTOMUS XXI (2016)\u00a0 <a style=\"color: #003366;\" href=\"https:\/\/hispanisztikaszeged.hu\/wp-content\/uploads\/2016\/10\/acta21.pdf\">versi\u00f3n descargable<\/a><\/span><br \/>\n<span style=\"color: #003366;\">TOMUS XX (2015)\u00a0 <a style=\"color: #003366;\" href=\"https:\/\/hispanisztikaszeged.hu\/wp-content\/uploads\/2016\/10\/acta20.pdf\" target=\"_blank\">versi\u00f3n descargable<\/a><br \/>\nTOMUS XIX (2014) <a style=\"color: #003366;\" href=\"https:\/\/hispanisztikaszeged.hu\/wp-content\/uploads\/2016\/10\/acta19.pdf\">versi\u00f3n descargable<\/a><br \/>\nTOMUS XVIII (2013) <a style=\"color: #003366;\" href=\"https:\/\/hispanisztikaszeged.hu\/wp-content\/uploads\/2016\/10\/acta18.pdf\">versi\u00f3n descargable<\/a><br \/>\nTOMUS XVII (2012)\u00a0 <a style=\"color: #003366;\" href=\"https:\/\/hispanisztikaszeged.hu\/wp-content\/uploads\/2016\/10\/acta17.pdf\">versi\u00f3n descargable<\/a><br \/>\nTOMUS XVI (2011)\u00a0 <a style=\"color: #003366;\" href=\"https:\/\/hispanisztikaszeged.hu\/wp-content\/uploads\/2016\/10\/acta16.pdf\">versi\u00f3n descargable<\/a><br \/>\nTOMUS XV (2010) <a style=\"color: #003366;\" href=\"https:\/\/hispanisztikaszeged.hu\/wp-content\/uploads\/2016\/10\/acta15.pdf\">versi\u00f3n descargable<\/a><br \/>\nTOMUS XIV (2009)\u00a0 <a style=\"color: #003366;\" href=\"https:\/\/hispanisztikaszeged.hu\/wp-content\/uploads\/2016\/11\/acta14.pdf\">versi\u00f3n descargable<\/a><br \/>\nTOMUS XIII (2008)\u00a0 <a style=\"color: #003366;\" href=\"https:\/\/hispanisztikaszeged.hu\/wp-content\/uploads\/2016\/11\/acta13.pdf\">versi\u00f3n descargable<\/a><br \/>\nTOMUS XII (2007)\u00a0 <a style=\"color: #003366;\" href=\"https:\/\/hispanisztikaszeged.hu\/wp-content\/uploads\/2016\/11\/acta12.pdf\">versi\u00f3n descargable<\/a><br \/>\nTOMUS XI (2006)\u00a0 <a style=\"color: #003366;\" href=\"https:\/\/hispanisztikaszeged.hu\/wp-content\/uploads\/2016\/11\/acta11.pdf\">versi\u00f3n descargable<\/a><br \/>\nTOMUS X (2005)\u00a0 <a style=\"color: #003366;\" href=\"https:\/\/hispanisztikaszeged.hu\/wp-content\/uploads\/2016\/11\/acta10.pdf\">versi\u00f3n descargable<\/a><br \/>\nTOMUS IX (2004)\u00a0 <a style=\"color: #003366;\" href=\"https:\/\/hispanisztikaszeged.hu\/wp-content\/uploads\/2016\/11\/acta9.pdf\">versi\u00f3n descargable<\/a><br \/>\nTOMUS VIII (2003)\u00a0 <a style=\"color: #003366;\" href=\"https:\/\/hispanisztikaszeged.hu\/wp-content\/uploads\/2016\/11\/acta8.pdf\">versi\u00f3n descargable<\/a><br \/>\nTOMUS VII (2002)\u00a0 <a style=\"color: #003366;\" href=\"https:\/\/hispanisztikaszeged.hu\/wp-content\/uploads\/2016\/11\/acta7.pdf\">versi\u00f3n descargable<\/a><br \/>\nTOMUS VI (2001) <a style=\"color: #003366;\" href=\"https:\/\/hispanisztikaszeged.hu\/wp-content\/uploads\/2016\/11\/acta6.pdf\">versi\u00f3n descargable<\/a><br \/>\nTOMUS V (2000)\u00a0 <a style=\"color: #003366;\" href=\"https:\/\/hispanisztikaszeged.hu\/wp-content\/uploads\/2016\/11\/acta5.pdf\">versi\u00f3n descargable<\/a><br \/>\nTOMUS IV (1999)\u00a0 <a style=\"color: #003366;\" href=\"https:\/\/hispanisztikaszeged.hu\/wp-content\/uploads\/2016\/11\/acta4.pdf\">versi\u00f3n descargable<\/a><br \/>\nTOMUS III (1998)\u00a0 <a href=\"https:\/\/hispanisztikaszeged.hu\/wp-content\/uploads\/2016\/11\/acta3.pdf\">versi\u00f3n descargable<\/a><br \/>\nTOMUS II (1997)\u00a0 <a href=\"https:\/\/hispanisztikaszeged.hu\/wp-content\/uploads\/2016\/11\/acta2.pdf\">versi\u00f3n descargable<\/a><br \/>\nTOMUS I (1996)\u00a0 <a href=\"https:\/\/hispanisztikaszeged.hu\/wp-content\/uploads\/2016\/11\/acta1.pdf\">versi\u00f3n descargable<\/a><\/span><\/p>\n<p>&nbsp;<\/p>\n","protected":false},"excerpt":{"rendered":"<p>Acta Hispanica es una revista cient\u00edfica e indexada del Departamento de Estudios Hisp\u00e1nicos que se publica anualmente desde 1996. Es de car\u00e1cter interdisciplinario que recoge art\u00edculos y estudios sobre la cultura, historia y literatura hispana as\u00ed como sobre ling\u00fc\u00edstica espa\u00f1ola <a href=\"https:\/\/hispanisztikaszeged.hu\/?page_id=287\" class=\"read-more\">Read More &#8230;<\/a><\/p>\n","protected":false},"author":3,"featured_media":0,"parent":161,"menu_order":0,"comment_status":"closed","ping_status":"closed","template":"","meta":{"footnotes":""},"class_list":["post-287","page","type-page","status-publish","hentry"],"_links":{"self":[{"href":"https:\/\/hispanisztikaszeged.hu\/index.php?rest_route=\/wp\/v2\/pages\/287","targetHints":{"allow":["GET"]}}],"collection":[{"href":"https:\/\/hispanisztikaszeged.hu\/index.php?rest_route=\/wp\/v2\/pages"}],"about":[{"href":"https:\/\/hispanisztikaszeged.hu\/index.php?rest_route=\/wp\/v2\/types\/page"}],"author":[{"embeddable":true,"href":"https:\/\/hispanisztikaszeged.hu\/index.php?rest_route=\/wp\/v2\/users\/3"}],"replies":[{"embeddable":true,"href":"https:\/\/hispanisztikaszeged.hu\/index.php?rest_route=%2Fwp%2Fv2%2Fcomments&post=287"}],"version-history":[{"count":21,"href":"https:\/\/hispanisztikaszeged.hu\/index.php?rest_route=\/wp\/v2\/pages\/287\/revisions"}],"predecessor-version":[{"id":1886,"href":"https:\/\/hispanisztikaszeged.hu\/index.php?rest_route=\/wp\/v2\/pages\/287\/revisions\/1886"}],"up":[{"embeddable":true,"href":"https:\/\/hispanisztikaszeged.hu\/index.php?rest_route=\/wp\/v2\/pages\/161"}],"wp:attachment":[{"href":"https:\/\/hispanisztikaszeged.hu\/index.php?rest_route=%2Fwp%2Fv2%2Fmedia&parent=287"}],"curies":[{"name":"wp","href":"https:\/\/api.w.org\/{rel}","templated":true}]}}