{"id":2601,"date":"2025-08-06T09:09:21","date_gmt":"2025-08-06T07:09:21","guid":{"rendered":"http:\/\/hispanisztikaszeged.hu\/?page_id=2601"},"modified":"2025-08-06T14:38:52","modified_gmt":"2025-08-06T12:38:52","slug":"menesi-flora","status":"publish","type":"page","link":"https:\/\/hispanisztikaszeged.hu\/?page_id=2601","title":{"rendered":"M\u00e9nesi Fl\u00f3ra"},"content":{"rendered":"\n<blockquote class=\"wp-block-quote is-layout-flow wp-block-quote-is-layout-flow\">\n<p>Spanyol-magyar tan\u00e1rszakos hallgat\u00f3nk az id\u00e9n k\u00e9t dolgozattal is kiv\u00e1l\u00f3an szerepelt az Orsz\u00e1gos Tudom\u00e1nyos Di\u00e1kk\u00f6ri Konferenci\u00e1n. \u00d6sszehasonl\u00edt\u00f3 irodalom \u00e9s kult\u00faratudom\u00e1ny konferenciatagozaton 2. helyezett lett \u201eA g\u00e1zel m\u0171faji \u00e9s kultur\u00e1lis k\u00f3djai Arany J\u00e1nos \u00e9s Federico Garc\u00eda Lorca k\u00f6lt\u00e9szet\u00e9ben\u201d c\u00edm\u0171 dolgozat\u00e1val (t\u00e9mavezet\u0151k H\u00e1sz-Feh\u00e9r Katalin \u00e9s Katona Eszter), m\u00edg a Francia \u00e9s ib\u00e9riai nyelvek \u00e9s kult\u00far\u00e1k tagozaton \u201eLa alternancia en el uso de los pronombres personales t\u00f3nicos y \u00e1tonos desde la perspectiva de la adquisici\u00f3n de ELE\u201d c\u00edm\u0171 dolgozat\u00e1val (t\u00e9mavezet\u0151 Berta Tibor) 5. helyez\u00e9st \u00e9rt el.<\/p>\n<\/blockquote>\n\n\n\n<p><\/p>\n\n\n\n<ul class=\"wp-block-list\">\n<li>K\u00e9rlek, mutatkozz be egy kicsit az olvas\u00f3knak. Hov\u00e1 val\u00f3si vagy, honnan \u00e9rkezt\u00e9l a szegedi Hispanisztika tansz\u00e9kre, hol tanult\u00e1l kor\u00e1bban, hogyan, milyen form\u00e1ban tanultad a spanyol nyelvet?<\/li>\n<\/ul>\n\n\n\n<ul class=\"wp-block-list\">\n<li>M\u00e9nesi Fl\u00f3ra vagyok, huszonh\u00e1rom \u00e9ves, szeptembert\u0151l v\u00e9gz\u0151s magyar-spanyol osztatlanos hallgat\u00f3. Igaz\u00e1b\u00f3l \u00e9n h\u00f3dmez\u0151v\u00e1s\u00e1rhelyinek tartom magam, ott is n\u0151ttem fel. Hab\u00e1r m\u00e1r t\u00f6bb \u00e9ve Szegeden \u00e9lek, nem tartom magam szegedinek. Pedig gimn\u00e1zium alatt is a Szegedi De\u00e1k Ferenc Gimn\u00e1ziumba j\u00e1rtam, minden nap a k\u00e9t v\u00e1ros k\u00f6z\u00f6tt ing\u00e1ztam. Nagyon szerettem a De\u00e1kot, remek tan\u00e1raim voltak. Eredetileg m\u00e9dia szakot kerest\u00fcnk, amikor apuk\u00e1mmal r\u00e1tal\u00e1ltunk a De\u00e1kra, azt\u00e1n a ny\u00edlt napon annyira megtetszett az iskola, hogy v\u00e9g\u00fcl csak oda adtam be a jelentkez\u00e9sem nyolcadikosk\u00e9nt. A spanyol nyelv elsaj\u00e1t\u00edt\u00e1sa nekem egy\u00e9bk\u00e9nt sosem volt konkr\u00e9t c\u00e9lom. Valami\u00e9rt elb\u00e1tortalanodtam a m\u00e9dia szakt\u00f3l, \u00e9s arra jutottam, hogy olaszt szeretn\u00e9k tanulni, az mindig nagyon tetszett, de olasz nyelvi tagozat nem volt k\u00fcl\u00f6n specializ\u00e1ci\u00f3k\u00e9nt meghirdetve, \u00edgy \u00e1ltal\u00e1nos gimn\u00e1ziumi oszt\u00e1lyba ker\u00fcltem volna. Apuk\u00e1m pedig, sose felejtem el, a k\u00f6vetkez\u0151t mondta: \u201eFigyelj, az olasz majdnem olyan, mint a spanyol, menj ink\u00e1bb egy speci\u00e1lis tagozatra!\u201d \u00c9s \u00edgy t\u00f6rt\u00e9nt, az\u00f3ta is h\u00e1l\u00e1s vagyok neki ez\u00e9rt. Igaz\u00e1b\u00f3l null\u00e1r\u00f3l B2-es szintig jutottam, heti \u00f6t \u00f3r\u00e1ban tanultuk n\u00e9gy \u00e9vig a nyelvet, mag\u00e1ntan\u00e1rom pedig sosem volt, mindent a gimn\u00e1ziumi tan\u00e1romt\u00f3l tanultam, OKTV d\u00f6nt\u0151s is voltam&#8230;\u00a0 Egyszer\u0171en megszerettem a spanyolt, \u00e9s ez vitt a Hispanisztika tansz\u00e9kre.<\/li>\n<\/ul>\n\n\n<div class=\"wp-block-image\">\n<figure class=\"aligncenter size-large is-resized\"><img loading=\"lazy\" decoding=\"async\" width=\"1959\" height=\"2048\" src=\"https:\/\/hispanisztikaszeged.hu\/wp-content\/uploads\/2025\/08\/Menesi_Flora-1959x2048.jpg\" alt=\"\" class=\"wp-image-2608\" style=\"aspect-ratio:0.9565309809756616;width:358px;height:auto\" srcset=\"https:\/\/hispanisztikaszeged.hu\/wp-content\/uploads\/2025\/08\/Menesi_Flora-1959x2048.jpg 1959w, https:\/\/hispanisztikaszeged.hu\/wp-content\/uploads\/2025\/08\/Menesi_Flora-287x300.jpg 287w, https:\/\/hispanisztikaszeged.hu\/wp-content\/uploads\/2025\/08\/Menesi_Flora-768x803.jpg 768w, https:\/\/hispanisztikaszeged.hu\/wp-content\/uploads\/2025\/08\/Menesi_Flora-1469x1536.jpg 1469w, https:\/\/hispanisztikaszeged.hu\/wp-content\/uploads\/2025\/08\/Menesi_Flora-258x270.jpg 258w\" sizes=\"auto, (max-width: 1959px) 100vw, 1959px\" \/><\/figure><\/div>\n\n\n<ul class=\"wp-block-list\">\n<li>Mikor kezdted a tanulm\u00e1nyaidat Szegeden? Milyen szakon tanulsz most az egyetemen? Mi volt a c\u00e9lod azzal, hogy erre a szakra jelentkezt\u00e9l? Mi\u00e9rt d\u00f6nt\u00f6tt\u00e9l a Szegedi Tudom\u00e1nyegyetem mellett?<\/li>\n<\/ul>\n\n\n\n<ul class=\"wp-block-list\">\n<li>Ahogy mes\u00e9ltem, igaz\u00e1b\u00f3l gimnazista korom \u00f3ta Szegeden tanulok, \u00e9s nagyon megtetszett a v\u00e1ros. Amikor az egyetemi felv\u00e9teli k\u00f6vetkezett, nagyon gondolkodtam a P\u00e9csi Tudom\u00e1nyegyetemen, illetve az ELTE b\u00f6lcs\u00e9szkar\u00e1n, de mag\u00e1n\u00e9leti okok miatt Szeged mellett d\u00f6nt\u00f6ttem, \u00e9s ezt az\u00f3ta se b\u00e1nom, fantasztikus embereket ismertem meg az\u00f3ta. Az, hogy mi\u00e9rt k\u00f6t\u00f6ttem ki tan\u00e1rszakon, tal\u00e1n meglep\u0151 lehet annak, aki nem ismer: mindig feln\u00e9ztem a tan\u00e1raimra \u00e9s szerettem \u0151ket, de els\u0151sorban az\u00e9rt jelentkeztem a magyar-spanyol osztatlan k\u00e9pz\u00e9sre, mivel nem tudtam v\u00e1lasztani, melyik szakkal haladjak tov\u00e1bb, ez pedig remek megold\u00e1snak t\u0171nt. Tudtam, hogy minork\u00e9pz\u00e9sek keretein bel\u00fcl lehetne mindkett\u0151vel foglalkozni, de \u00fagy \u00e9reztem, az nem el\u00e9g\u00edten\u00e9 ki a k\u00edv\u00e1ncsis\u00e1gom, a tud\u00e1sszomjam, \u00edgy viszont mindkett\u0151b\u0151l mesterdiplom\u00e1t kapok \u00e9s m\u00e9g egy pedag\u00f3gusi v\u00e9gzetts\u00e9gem is lesz, ami nagyon hasznos \u00e9s j\u00f3 kiindul\u00f3pont. De ami\u00f3ta az eszem tudom, PhD-fokozatot szeretn\u00e9k szerezni, \u00edgy tov\u00e1bbra sem a tan\u00edt\u00e1s a f\u0151 c\u00e9lom \u2013 legal\u00e1bbis, nem a hagyom\u00e1nyos, k\u00f6zoktat\u00e1si keretek k\u00f6z\u00f6tt. De nem lenne probl\u00e9ma az sem, ha tan\u00e1rk\u00e9nt kellene helyt\u00e1llnom, csak \u00e9n \u00fagy \u00e9rzem, nem tudn\u00e9k eg\u00e9sz \u00e9letemben ezzel foglalkozni.<\/li>\n<\/ul>\n\n\n\n<ul class=\"wp-block-list\">\n<li>Melyek az eddigi legszebb eml\u00e9keid az egyetemi id\u0151szakodb\u00f3l?<\/li>\n<\/ul>\n\n\n\n<ul class=\"wp-block-list\">\n<li>Nem igaz\u00e1n tudok konkr\u00e9t eml\u00e9ket mondani: szerintem minden \u00f3ra, amin nagyon j\u00f3t besz\u00e9lgett\u00fcnk mint hallgat\u00f3k az oktat\u00f3inkkal ak\u00e1r elm\u00e9leti k\u00e9rd\u00e9sekben, gyakorlati tapasztalatokkal kapcsolatban vagy csak \u00fagy, az \u00e9letr\u0151l. Illetve ez a m\u00e1sf\u00e9l \u00e9v kutat\u00f3i munka, ami a dolgozataimat k\u00eds\u00e9rte, \u00e9s azok a konzult\u00e1ci\u00f3k, amiket a konzuleseimmel v\u00e9gigbesz\u00e9lgettem. Illetve a konferenci\u00e1k, amiken volt lehet\u0151s\u00e9gem r\u00e9szt venni.<\/li>\n<\/ul>\n\n\n\n<ul class=\"wp-block-list\">\n<li>Mire vagy a legb\u00fcszk\u00e9bb az eddigi tanulm\u00e1nyaid sor\u00e1n?<\/li>\n<\/ul>\n\n\n\n<ul class=\"wp-block-list\">\n<li>Ha eredm\u00e9nyeket n\u00e9z\u00fcnk, mindenk\u00e9pp a kett\u0151s OTDK nevez\u00e9semre, de \u0151szint\u00e9n sz\u00f3lva ink\u00e1bb arra, hogy a Hispanisztika \u00e9s a Magyar tansz\u00e9k oktat\u00f3i k\u00f6z\u00fcl t\u00f6bben t\u00e1mogattak az elm\u00falt \u00e9vekben, \u00e9s hogy mindannyi\u00f3tok\/mindannyiuk j\u00f3indulat\u00e1t \u00e9rezhetem \u2013 sz\u00e1momra ez felbecs\u00fclhetetlen, sokkal nagyobbra tartom.<\/li>\n<\/ul>\n\n\n\n<ul class=\"wp-block-list\">\n<li>Mes\u00e9lj egy kicsit az idei OTDK r\u00e9szv\u00e9teledr\u0151l.<\/li>\n<\/ul>\n\n\n\n<ul class=\"wp-block-list\">\n<li>Borzaszt\u00f3 stresszes volt, hogy \u0151szinte legyek. Nagyon izgultam mindk\u00e9t el\u0151ad\u00e1som el\u0151tt, illetve mag\u00e1n\u00e9letileg \u00e9letem legnehezebb f\u00e9l\u00e9v\u00e9t tudhatom (rem\u00e9nyeim szerint m\u00e1r) magam m\u00f6g\u00f6tt. Igyekeztem kihozni magamb\u00f3l a k\u00f6r\u00fclm\u00e9nyekhez k\u00e9pest is a maximumot, de szint\u00e9n nagyon izgalmas volt m\u00e1sok el\u0151ad\u00e1sait is meghallgatni, a zs\u0171rivel vagy a kutat\u00f3t\u00e1rsaimmal besz\u00e9lgetni. Rengeteget k\u00f6sz\u00f6nhetek a konzulenseimnek, hogy hittek bennem \u00e9s a t\u00e9m\u00e1mban, illetve az\u00e9rt, mert a v\u00e9gletekig mellettem voltak, t\u00e1mogattak \u2013 ez a k\u00f6z\u00f6s munka \u00f6r\u00f6k eml\u00e9k marad. Nem b\u00e1ntam meg, de az\u00e9rt nem csin\u00e1ln\u00e1m \u00fajra ezt a kett\u0151s nevez\u00e9st, egyszer b\u0151ven el\u00e9g bev\u00e1llal\u00f3s volt. \ud83d\ude0a<\/li>\n<\/ul>\n\n\n\n<ul class=\"wp-block-list\">\n<li>Aj\u00e1nlan\u00e1d m\u00e1soknak is, hogy induljanak a versenyen? Mi\u00e9rt lehet ez \u00e9rdekes \/ hasznos b\u00e1rki sz\u00e1m\u00e1ra?<\/li>\n<\/ul>\n\n\n\n<ul class=\"wp-block-list\">\n<li>Szerintem szakmailag rengeteget lehet fejl\u0151dni egy ilyen komoly munka sor\u00e1n, f\u0151leg, ha t\u00e1mogat\u00f3, nagytud\u00e1s\u00fa konzulense(i) van(nak) az embernek. Minimum m\u00e1sf\u00e9l \u00e9v munk\u00e1ja mindk\u00e9t kutat\u00e1somban benne van m\u00e1r, ez mindenk\u00e9pp seg\u00edt eld\u00f6nteni, valaki kutat\u00f3i p\u00e1ly\u00e1n el tudja-e k\u00e9pzelni mag\u00e1t. Illetve, nagyon sok olyan kutat\u00f3t\u00e1rsat ismertem meg, akiket sz\u00edvesen l\u00e1tn\u00e9k \u00fajra, sz\u00edvesen fogom olvasni a cikkeit, le\u00fcln\u00e9k vele besz\u00e9lgetni. Valamint, aki diplom\u00e1t szeretne szerezni, mindenk\u00e9pp szakdolgozatot kell \u00edrnia \u2013 vesztenival\u00f3 teh\u00e1t nincs.<\/li>\n<\/ul>\n\n\n\n<ul class=\"wp-block-list\">\n<li>Ismert\u00e9l-e meg k\u00fclf\u00f6ldi di\u00e1kokat az elm\u00falt id\u0151szakban? Milyen \u00e9lm\u00e9nyt \/ el\u0151ny\u00f6ket jelent ez?<\/li>\n<\/ul>\n\n\n\n<ul class=\"wp-block-list\">\n<li>Az egyetemi \u00e9veim alatt igen, viszonylag t\u00f6bb anyanyelvi besz\u00e9l\u0151t a vil\u00e1g minden t\u00e1j\u00e1r\u00f3l: Kolumbi\u00e1b\u00f3l, Argent\u00edn\u00e1b\u00f3l, Ecuadorb\u00f3l, Chil\u00e9b\u0151l\u2026 Nagyon j\u00f3 \u00e9rz\u00e9s latin-amerikai kort\u00e1rsakkal besz\u00e9lgetni mindenf\u00e9le nyelv\u00e9szeti, kultur\u00e1lis k\u00e9rd\u00e9sr\u0151l, illetve arr\u00f3l, milyenek a mindennapok n\u00e1luk. Szerintem sokat lehet tanulni t\u0151l\u00fck az \u00e9letfelfog\u00e1suk alapj\u00e1n, p\u00e9ld\u00e1ul az a v\u00e9gtelen j\u00f3 indulat \u00e9s t\u00e1mogat\u00e1s, amit az egyik kedves kolumbiai bar\u00e1tn\u0151mt\u0151l kaptam az \u00e9vek alatt, \u00f6r\u00f6k eml\u00e9k marad. Illetve fontos gyakorolni a besz\u00e9det \u2013 ezt mint leend\u0151 nyelvtan\u00e1r is mondom, f\u0151leg az\u00e9rt, mivel gyakran g\u00e1tl\u00e1sok, f\u00e9lelmek miatt nem mer\u00fcnk anyanyelv\u0171ekkel besz\u00e9lni. Ez azonban hossz\u00fat\u00e1von rengeteget seg\u00edt abban, ami a nyelv val\u00f3di c\u00e9ljai: az \u00f6nkifejez\u00e9s. Megtanultam k\u00f6nnyebben kifejezni magam, nem agg\u00f3dni a nyelvtani hib\u00e1kon vagy azon, hogy hirtelen egy specifikus kifejez\u00e9s nem jut eszembe. Ez pedig nagyon fontos, \u00fagy gondolom.\u00a0<\/li>\n<\/ul>\n\n\n\n<ul class=\"wp-block-list\">\n<li>Mi az, amit neh\u00e9z volt megszoknod a tansz\u00e9k\u00fcnk\u00f6n \/ az egyetemen?<\/li>\n<\/ul>\n\n\n\n<ul class=\"wp-block-list\">\n<li>A tansz\u00e9ket hamar megszerettem, igaz\u00e1n csal\u00e1dias a hangulat, szeretek bemenni az \u00f3r\u00e1kra. Err\u0151l a k\u00e9rd\u00e9sr\u0151l ink\u00e1bb az jutott az eszembe, mennyire neh\u00e9z volt 2020-ban beker\u00fclni az egyetemre, b\u00e1rmilyen kapaszkod\u00f3 n\u00e9lk\u00fcl, hiszen jav\u00e1ban tombolt a Covid. Megfosztva a ballag\u00e1st\u00f3l, m\u00e9lt\u00f3 b\u00facs\u00fat\u00f3l a k\u00f6z\u00e9piskol\u00e1t\u00f3l, mi nem is beest\u00fcnk, szab\u00e1lyosan bezuhantunk az egyetemi b\u00fcrokr\u00e1cia \u00e1tl\u00e1thatatlan \u00fatveszt\u0151j\u00e9be, az el\u0151ad\u00e1sok \u00e9s szemin\u00e1riumok furcsa rendszer\u00e9be. Nem ismert\u00fck rendesen saj\u00e1t szakt\u00e1rsainkat sem. Alapvet\u0151en nagyon adapt\u00edv\/flexibilis embernek tartom magam, de online v\u00e9gighallgatni egy m\u00e1sf\u00e9l \u00f3r\u00e1s el\u0151ad\u00e1st kih\u00edv\u00e1s volt. Ezen k\u00edv\u00fcl \u00e9n az egyetemkezd\u00e9ssel p\u00e1rhuzamosan dolgozni kezdtem, tov\u00e1bb\u00e1 m\u00e9g V\u00e1s\u00e1rhelyr\u0151l j\u00e1rtam be, \u00edgy az egy v\u00e9gtelen\u00fcl stresszes kezdet volt. De hamar beleszerettem az egyetemi t\u00e9m\u00e1kba \u00e9s k\u00f6zegbe azt\u00e1n.\u00a0<\/li>\n<\/ul>\n\n\n\n<ul class=\"wp-block-list\">\n<li>Mi az, ami j\u00f3l m\u0171k\u00f6dik szerinted a Hispanisztika Tansz\u00e9ken? Mire sz\u00e1m\u00edthatnak azok, akik hozz\u00e1nk j\u00f6nnek? Milyen tan\u00e1csokat adn\u00e1l nekik a szegedi l\u00e9thez?<\/li>\n<\/ul>\n\n\n\n<ul class=\"wp-block-list\">\n<li>Szerintem nagyon sz\u00ednvonalasak az \u00f3r\u00e1k, legyen sz\u00f3 irodalom, t\u00f6rt\u00e9nelem, civiliz\u00e1ci\u00f3s vagy nyelv\u00e9szeti kurzusr\u00f3l. Minden oktat\u00f3 j\u00f3indulat\u00fa, seg\u00edt\u0151k\u00e9sz, b\u00e1rmilyen k\u00e9rd\u00e9ssel kapcsolatban lehet keresni \u0151ket \u2013 \u00e9s ti nem azok az oktat\u00f3k vagytok, akik utol\u00e9rhetetlenek, v\u00e1laszt mindig kapunk, \u00e9n ezt tapasztalom. \u00c9s \u00fagy hallom, ez nem minden karon\/tansz\u00e9ken ilyen mag\u00e1t\u00f3l \u00e9rtet\u0151d\u0151. Aki a szegedi Hispanisztika Tansz\u00e9kre j\u00f6n teh\u00e1t sz\u00ednvonalas, \u00e9rdekes \u00f3r\u00e1kra, nyitott oktat\u00f3kra \u00e9s egy csal\u00e1dias k\u00f6zegre sz\u00e1m\u00edthat. A szegedi l\u00e9thez pedig csak annyit tan\u00e1csoln\u00e9k, hogy \u00e9lvezz\u00e9k ki, rengeteg kultur\u00e1lis program van, \u00e9s alapvet\u0151en egy sz\u00e9p v\u00e1ros szerintem.<\/li>\n<\/ul>\n\n\n\n<ul class=\"wp-block-list\">\n<li>Hol van a kedvenc helyed Szegeden? Milyen sz\u00e1modra ez a v\u00e1ros \u00e9s az itt \u00e9l\u0151k? Mit szeretsz csin\u00e1lni a szabadid\u0151dben?<\/li>\n<\/ul>\n\n\n\n<ul class=\"wp-block-list\">\n<li>Szerintem kedvenc helyem nincs igaz\u00e1n, emberekhez k\u00f6t\u0151d\u00f6m els\u0151sorban, nem a hely a l\u00e9nyeg, hanem a szem\u00e9ly, akivel egy\u00fctt vagyok. De: szeretek a TIK-ben tanulni; a F\u00fcv\u00e9szkertben s\u00e9t\u00e1lni; a LeszDegeszben isteniek a t\u00e9szt\u00e1k \u00e9s nekem a legjobb k\u00e1v\u00e9 a Caf\u00e9 Freiben van. Sz\u00e1momra ez a v\u00e1ros tele van \u00e9lettel \u00e9s kalanddal. Kezdem otthonomnak is \u00e9rezni, \u00e9s ezt is szerintem els\u0151sorban a szeretteim miatt \u00e9rzem. Fantasztikus embereket ismertem meg itt, akik alapvet\u0151en tal\u00e1n nem is szegediek, de Szeged sz\u00e1munkra a kapcsol\u00f3d\u00e1si pont. Szabadid\u0151mben pedig szeretek bar\u00e1tokkal, a p\u00e1rommal lenni. Ha pedig egyed\u00fcl vagyok, r\u00e9gi, szeretett szok\u00e1som olvasni, filmezni, sorozatot n\u00e9zni \u2013 hab\u00e1r ezekre f\u00e9l\u00e9v k\u00f6zben nem sok id\u0151m marad.\u00a0<\/li>\n<\/ul>\n\n\n\n<ul class=\"wp-block-list\">\n<li>Mi\u00e9rt szereted a spanyol nyelvet? Mi az, ami sz\u00e1modra neh\u00e9zs\u00e9get jelentett a spanyoltanul\u00e1sban?<\/li>\n<\/ul>\n\n\n\n<ul class=\"wp-block-list\">\n<li>\u00c9rdekes, neh\u00e9zs\u00e9g nem igaz\u00e1n jut eszembe. Egyetemi \u00f3r\u00e1im sor\u00e1n persze kih\u00edv\u00e1st jelentett a spanyol fonetikai rendszer \u00e9s a nyelvt\u00f6rt\u00e9neti aspektusok vizsg\u00e1lata, de mind ezt \u00e9lveztem is. V\u00e9lem\u00e9nyem szerint a spanyol egy nagyon logikus, \u00e1tl\u00e1that\u00f3 grammatikai rendszerrel rendelkez\u0151 nyelv. Hangz\u00e1sa seg\u00edt a szavak k\u00f6nny\u0171 memoriz\u00e1l\u00e1s\u00e1ban \u00e9s mell\u00e9 m\u00e9g dallamos is. Gimnazista korom \u00f3ta jobban szeretem a spanyolt, mint az angolt, mert sz\u00e1momra sokkal k\u00f6nnyebben tanulhat\u00f3 volt.<\/li>\n<\/ul>\n\n\n\n<ul class=\"wp-block-list\">\n<li>Mi az, ami leny\u0171g\u00f6z a spanyol\/ latin-amerikai kult\u00far\u00e1ban?<\/li>\n<\/ul>\n\n\n\n<ol class=\"wp-block-list\" type=\"1\"><\/ol>\n\n\n\n<ul class=\"wp-block-list\">\n<li>A mentalit\u00e1suk, az \u00e9letszeretet\u00fck. Szerintem mindez reprezent\u00e1l\u00f3dik az \u00fcnnepeik, szok\u00e1saik \u00e1ltal, amit szerte a vil\u00e1gon csod\u00e1lnak. Illetve a gasztron\u00f3mi\u00e1juk, szerintem nagyon izgalmas, ak\u00e1r a f\u00e9lszigeti, ak\u00e1r a latin-amerikai recepteket n\u00e9zz\u00fck.<\/li>\n<\/ul>\n\n\n\n<ul class=\"wp-block-list\">\n<li>Ha szabadon v\u00e1laszthatn\u00e1l, melyik spanyol nyelvter\u00fcletre utazn\u00e1l el \u00e9s ismern\u00e9d meg jobban? Szeretn\u00e9l hosszabb id\u0151t t\u00f6lteni valamelyik spanyol nyelv\u0171 orsz\u00e1gban?<\/li>\n<\/ul>\n\n\n\n<ul class=\"wp-block-list\">\n<li>Mindenk\u00e9pp, igen, szeretn\u00e9k hosszabb t\u00e1von spanyol anyanyelv\u0171 orsz\u00e1gban \u00e9lni egyszer. Utazni term\u00e9szetesen minden orsz\u00e1gba ell\u00e1togatn\u00e1k sz\u00edvem szerint, ahol ezt a fantasztikus nyelvet besz\u00e9lik. B\u00e1r letelepedni els\u0151sorban Spanyolorsz\u00e1gban tudn\u00e1m elk\u00e9pzelni magam \u2013 ennek oka az, hogy rengeteg dolgot mes\u00e9ltek latin-amerikai ismer\u0151s\u00f6k saj\u00e1t otthonukr\u00f3l \u00e9s annak jelenlegi helyzet\u00e9r\u0151l. Ha minden orsz\u00e1gba nem is, Peruba, Mexik\u00f3ba, Chil\u00e9be \u00e9s Spanyolorsz\u00e1gba mindenk\u00e9pp el szeretn\u00e9k jutni. Spanyolorsz\u00e1gon bel\u00fcl pedig Andal\u00fazia fel\u00e9 h\u00faz a sz\u00edvem a jelenlegi irodalmas kutat\u00e1si t\u00e9m\u00e1m miatt is.<\/li>\n<\/ul>\n\n\n\n<ul class=\"wp-block-list\">\n<li>Milyen terveid vannak a j\u00f6v\u0151re n\u00e9zve? Mit szeretn\u00e9l csin\u00e1lni diplomaszerz\u00e9s ut\u00e1n (\u00e9s mi\u00e9rt)?<\/li>\n<\/ul>\n\n\n\n<ul class=\"wp-block-list\">\n<li>Tervem sajnos nincs. Az biztos, hogy PhD-fokozatot szeretn\u00e9k szerezni. A t\u00f6bbi pedig kiforrja mag\u00e1t. \ud83d\ude0a<\/li>\n<\/ul>\n\n\n\n<ol class=\"wp-block-list\" type=\"1\"><\/ol>\n\n\n\n<p class=\"has-text-align-right\"><em>2025 j\u00falius<\/em><\/p>\n","protected":false},"excerpt":{"rendered":"<p>Spanyol-magyar tan\u00e1rszakos hallgat\u00f3nk az id\u00e9n k\u00e9t dolgozattal is kiv\u00e1l\u00f3an szerepelt az Orsz\u00e1gos Tudom\u00e1nyos Di\u00e1kk\u00f6ri Konferenci\u00e1n. \u00d6sszehasonl\u00edt\u00f3 irodalom \u00e9s kult\u00faratudom\u00e1ny konferenciatagozaton 2. helyezett lett \u201eA g\u00e1zel m\u0171faji \u00e9s kultur\u00e1lis k\u00f3djai Arany J\u00e1nos \u00e9s Federico Garc\u00eda Lorca k\u00f6lt\u00e9szet\u00e9ben\u201d c\u00edm\u0171 dolgozat\u00e1val (t\u00e9mavezet\u0151k H\u00e1sz-Feh\u00e9r <a href=\"https:\/\/hispanisztikaszeged.hu\/?page_id=2601\" class=\"read-more\">Read More &#8230;<\/a><\/p>\n","protected":false},"author":3,"featured_media":0,"parent":0,"menu_order":0,"comment_status":"closed","ping_status":"closed","template":"","meta":{"footnotes":""},"class_list":["post-2601","page","type-page","status-publish","hentry"],"_links":{"self":[{"href":"https:\/\/hispanisztikaszeged.hu\/index.php?rest_route=\/wp\/v2\/pages\/2601","targetHints":{"allow":["GET"]}}],"collection":[{"href":"https:\/\/hispanisztikaszeged.hu\/index.php?rest_route=\/wp\/v2\/pages"}],"about":[{"href":"https:\/\/hispanisztikaszeged.hu\/index.php?rest_route=\/wp\/v2\/types\/page"}],"author":[{"embeddable":true,"href":"https:\/\/hispanisztikaszeged.hu\/index.php?rest_route=\/wp\/v2\/users\/3"}],"replies":[{"embeddable":true,"href":"https:\/\/hispanisztikaszeged.hu\/index.php?rest_route=%2Fwp%2Fv2%2Fcomments&post=2601"}],"version-history":[{"count":4,"href":"https:\/\/hispanisztikaszeged.hu\/index.php?rest_route=\/wp\/v2\/pages\/2601\/revisions"}],"predecessor-version":[{"id":2611,"href":"https:\/\/hispanisztikaszeged.hu\/index.php?rest_route=\/wp\/v2\/pages\/2601\/revisions\/2611"}],"wp:attachment":[{"href":"https:\/\/hispanisztikaszeged.hu\/index.php?rest_route=%2Fwp%2Fv2%2Fmedia&parent=2601"}],"curies":[{"name":"wp","href":"https:\/\/api.w.org\/{rel}","templated":true}]}}