{"id":2339,"date":"2025-01-09T22:12:18","date_gmt":"2025-01-09T21:12:18","guid":{"rendered":"http:\/\/hispanisztikaszeged.hu\/?page_id=2339"},"modified":"2025-01-09T22:23:45","modified_gmt":"2025-01-09T21:23:45","slug":"pago-de-cuotas-payment-of-registration-fee","status":"publish","type":"page","link":"https:\/\/hispanisztikaszeged.hu\/?page_id=2339","title":{"rendered":"Pago de cuotas \/ Payment of registration fee"},"content":{"rendered":"\n<p><strong>Cuotas de participaci\u00f3n<\/strong><\/p>\n\n\n\n<p>Ponentes: 50 euros<\/p>\n\n\n\n<p>Participantes sin comunicaci\u00f3n y acompa\u00f1antes: 30 euros<\/p>\n\n\n\n<p><strong>Registration Fee<\/strong><\/p>\n\n\n\n<p>Participant with paper: 50 euros<\/p>\n\n\n\n<p>Participant without paper and accompanying person: 30 euros<\/p>\n\n\n\n<figure class=\"wp-block-pullquote\"><blockquote><p><strong>El pago de cuotas se realiza con PayPal, solo tiene que oprimir el bot\u00f3n de PayPal (Donate) ubicado abajo en nuestra p\u00e1gina.<br>Payment of fees is made by PayPal, just click on the PayPal button (Donate) at the bottom of the page.<\/strong><\/p><\/blockquote><\/figure>\n\n\n\n<p><\/p>\n\n\n<form action=\"https:\/\/www.paypal.com\/cgi-bin\/webscr\" method=\"post\" target=\"_top\"><input name=\"cmd\" type=\"hidden\" value=\"_s-xclick\" \/><br \/><input name=\"hosted_button_id\" type=\"hidden\" value=\"55T8S6U6BKBNJ\" \/><br \/><input class=\"custom-cursor-on-hover\" title=\"PayPal - The safer, easier way to pay online!\" alt=\"Donate with PayPal button\" name=\"submit\" src=\"https:\/\/www.paypalobjects.com\/en_US\/i\/btn\/btn_donateCC_LG.gif\" type=\"image\" \/><br \/><img loading=\"lazy\" decoding=\"async\" src=\"https:\/\/www.paypal.com\/en_HU\/i\/scr\/pixel.gif\" alt=\"\" width=\"1\" height=\"1\" border=\"0\" \/><\/form>","protected":false},"excerpt":{"rendered":"<p>Cuotas de participaci\u00f3n Ponentes: 50 euros Participantes sin comunicaci\u00f3n y acompa\u00f1antes: 30 euros Registration Fee Participant with paper: 50 euros Participant without paper and accompanying person: 30 euros El pago de cuotas se realiza con PayPal, solo tiene que oprimir <a href=\"https:\/\/hispanisztikaszeged.hu\/?page_id=2339\" class=\"read-more\">Read More &#8230;<\/a><\/p>\n","protected":false},"author":3,"featured_media":0,"parent":2160,"menu_order":0,"comment_status":"closed","ping_status":"closed","template":"","meta":{"footnotes":""},"class_list":["post-2339","page","type-page","status-publish","hentry"],"_links":{"self":[{"href":"https:\/\/hispanisztikaszeged.hu\/index.php?rest_route=\/wp\/v2\/pages\/2339","targetHints":{"allow":["GET"]}}],"collection":[{"href":"https:\/\/hispanisztikaszeged.hu\/index.php?rest_route=\/wp\/v2\/pages"}],"about":[{"href":"https:\/\/hispanisztikaszeged.hu\/index.php?rest_route=\/wp\/v2\/types\/page"}],"author":[{"embeddable":true,"href":"https:\/\/hispanisztikaszeged.hu\/index.php?rest_route=\/wp\/v2\/users\/3"}],"replies":[{"embeddable":true,"href":"https:\/\/hispanisztikaszeged.hu\/index.php?rest_route=%2Fwp%2Fv2%2Fcomments&post=2339"}],"version-history":[{"count":8,"href":"https:\/\/hispanisztikaszeged.hu\/index.php?rest_route=\/wp\/v2\/pages\/2339\/revisions"}],"predecessor-version":[{"id":2350,"href":"https:\/\/hispanisztikaszeged.hu\/index.php?rest_route=\/wp\/v2\/pages\/2339\/revisions\/2350"}],"up":[{"embeddable":true,"href":"https:\/\/hispanisztikaszeged.hu\/index.php?rest_route=\/wp\/v2\/pages\/2160"}],"wp:attachment":[{"href":"https:\/\/hispanisztikaszeged.hu\/index.php?rest_route=%2Fwp%2Fv2%2Fmedia&parent=2339"}],"curies":[{"name":"wp","href":"https:\/\/api.w.org\/{rel}","templated":true}]}}