{"id":2266,"date":"2024-10-01T20:22:03","date_gmt":"2024-10-01T18:22:03","guid":{"rendered":"http:\/\/hispanisztikaszeged.hu\/?page_id=2266"},"modified":"2024-10-05T23:00:05","modified_gmt":"2024-10-05T21:00:05","slug":"comites-committees","status":"publish","type":"page","link":"https:\/\/hispanisztikaszeged.hu\/?page_id=2266","title":{"rendered":"Comit\u00e9s \/ Committees"},"content":{"rendered":"\n<p><\/p>\n\n\n\n<p><strong>Comit\u00e9 Cient\u00edfico<\/strong> <strong>\/ Scientific Committee<\/strong><br><\/p>\n\n\n\n<p>Bert Hoffmann (Instituto GIGA de Estudios Latinoamericanos, Alemania)<\/p>\n\n\n\n<p>Csaba L\u00e9vai (Universidad de Debrecen, Hungr\u00eda)<\/p>\n\n\n\n<p>Mar\u00eda de Monserrat Llair\u00f3 (Universidad de Buenos Aires, Argentina)<\/p>\n\n\n\n<p>Jussi Pakkasvirta (Universidad de Helsinki, Finlandia)<\/p>\n\n\n\n<p>Istv\u00e1n R\u00e1k\u00f3czi (Universidad ELTE, Hungr\u00eda)<\/p>\n\n\n\n<p>Bojana Kovacevic-Petrovic (Universidad de Novi Sad, Serbia)<\/p>\n\n\n\n<p>\u00c1gnes Zs\u00f3fia Kov\u00e1cs (Universidad de Szeged, Hungr\u00eda)<\/p>\n\n\n\n<p>Manuel Jos\u00e9 de Lara R\u00f3denas (Universidad de Huelva, Espa\u00f1a)<\/p>\n\n\n\n<p>Agust\u00edn Grajales Porras (Benem\u00e9rita Universidad Aut\u00f3noma de Puebla, M\u00e9xico)<\/p>\n\n\n\n<hr class=\"wp-block-separator has-alpha-channel-opacity\"\/>\n\n\n\n<p><\/p>\n\n\n\n<p><strong>Comit\u00e9 Organizador \/ Organizing Committee<\/strong><\/p>\n\n\n\n<p>Andr\u00e1s L\u00e9n\u00e1rt (Universidad de Szeged, Hungr\u00eda)<\/p>\n\n\n\n<p>Katalin Jancs\u00f3 (Universidad de Szeged, Hungr\u00eda)<\/p>\n\n\n\n<p>Zolt\u00e1n Dragon (Universidad de Szeged, Hungr\u00eda)<\/p>\n\n\n\n<p>Andrea K\u00f6k\u00e9ny (Universidad de Szeged, Hungr\u00eda)<\/p>\n\n\n\n<p>M\u00f3nika Szente-Varga (Universidad de Servicio P\u00fablico, Hungr\u00eda)<\/p>\n\n\n\n<p>Zsuzsanna Csik\u00f3s (Universidad de Szeged, Hungr\u00eda)<\/p>\n\n\n\n<p>Eszter Katona (Universidad de Szeged, Hungr\u00eda)<\/p>\n\n\n\n<p>Tibor Berta (Universidad de Szeged, Hungr\u00eda)<\/p>\n\n\n\n<p>Veronika Praefort (Universidad de Szeged, Hungr\u00eda)<\/p>\n\n\n\n<p><br><br><\/p>\n","protected":false},"excerpt":{"rendered":"<p>Comit\u00e9 Cient\u00edfico \/ Scientific Committee Bert Hoffmann (Instituto GIGA de Estudios Latinoamericanos, Alemania) Csaba L\u00e9vai (Universidad de Debrecen, Hungr\u00eda) Mar\u00eda de Monserrat Llair\u00f3 (Universidad de Buenos Aires, Argentina) Jussi Pakkasvirta (Universidad de Helsinki, Finlandia) Istv\u00e1n R\u00e1k\u00f3czi (Universidad ELTE, Hungr\u00eda) Bojana <a href=\"https:\/\/hispanisztikaszeged.hu\/?page_id=2266\" class=\"read-more\">Read More &#8230;<\/a><\/p>\n","protected":false},"author":3,"featured_media":0,"parent":2160,"menu_order":0,"comment_status":"closed","ping_status":"closed","template":"","meta":{"footnotes":""},"class_list":["post-2266","page","type-page","status-publish","hentry"],"_links":{"self":[{"href":"https:\/\/hispanisztikaszeged.hu\/index.php?rest_route=\/wp\/v2\/pages\/2266","targetHints":{"allow":["GET"]}}],"collection":[{"href":"https:\/\/hispanisztikaszeged.hu\/index.php?rest_route=\/wp\/v2\/pages"}],"about":[{"href":"https:\/\/hispanisztikaszeged.hu\/index.php?rest_route=\/wp\/v2\/types\/page"}],"author":[{"embeddable":true,"href":"https:\/\/hispanisztikaszeged.hu\/index.php?rest_route=\/wp\/v2\/users\/3"}],"replies":[{"embeddable":true,"href":"https:\/\/hispanisztikaszeged.hu\/index.php?rest_route=%2Fwp%2Fv2%2Fcomments&post=2266"}],"version-history":[{"count":4,"href":"https:\/\/hispanisztikaszeged.hu\/index.php?rest_route=\/wp\/v2\/pages\/2266\/revisions"}],"predecessor-version":[{"id":2280,"href":"https:\/\/hispanisztikaszeged.hu\/index.php?rest_route=\/wp\/v2\/pages\/2266\/revisions\/2280"}],"up":[{"embeddable":true,"href":"https:\/\/hispanisztikaszeged.hu\/index.php?rest_route=\/wp\/v2\/pages\/2160"}],"wp:attachment":[{"href":"https:\/\/hispanisztikaszeged.hu\/index.php?rest_route=%2Fwp%2Fv2%2Fmedia&parent=2266"}],"curies":[{"name":"wp","href":"https:\/\/api.w.org\/{rel}","templated":true}]}}