{"id":2160,"date":"2024-08-30T00:08:12","date_gmt":"2024-08-29T22:08:12","guid":{"rendered":"http:\/\/hispanisztikaszeged.hu\/?page_id=2160"},"modified":"2025-08-05T23:39:05","modified_gmt":"2025-08-05T21:39:05","slug":"coloquio-internacional-2","status":"publish","type":"page","link":"https:\/\/hispanisztikaszeged.hu\/?page_id=2160","title":{"rendered":"Coloquio internacional"},"content":{"rendered":"\n<figure class=\"wp-block-image size-full\"><img loading=\"lazy\" decoding=\"async\" width=\"1920\" height=\"1080\" src=\"https:\/\/hispanisztikaszeged.hu\/wp-content\/uploads\/2024\/10\/Viajes-por-las-Americas_cover.png\" alt=\"\" class=\"wp-image-2288\" srcset=\"https:\/\/hispanisztikaszeged.hu\/wp-content\/uploads\/2024\/10\/Viajes-por-las-Americas_cover.png 1920w, https:\/\/hispanisztikaszeged.hu\/wp-content\/uploads\/2024\/10\/Viajes-por-las-Americas_cover-300x169.png 300w, https:\/\/hispanisztikaszeged.hu\/wp-content\/uploads\/2024\/10\/Viajes-por-las-Americas_cover-768x432.png 768w, https:\/\/hispanisztikaszeged.hu\/wp-content\/uploads\/2024\/10\/Viajes-por-las-Americas_cover-1536x864.png 1536w, https:\/\/hispanisztikaszeged.hu\/wp-content\/uploads\/2024\/10\/Viajes-por-las-Americas_cover-360x203.png 360w\" sizes=\"auto, (max-width: 1920px) 100vw, 1920px\" \/><\/figure>\n\n\n\n<p><\/p>\n\n\n\n<h2 class=\"wp-block-heading\"> <\/h2>\n\n\n\n<figure class=\"wp-block-pullquote has-text-align-left\"><blockquote><p>Nos complace anunciar que el Departamento de Estudios Hisp\u00e1nicos y el Centro de Estudios Interamericanos de la Universidad de Szeged han sido invitados a organizar el pre-evento de la 58\u00aa Congreso Internacional de Americanistas (ICA) (m\u00e1s informaci\u00f3n sobre la conferencia <a href=\"https:\/\/ica2025.uns.ac.rs\/\">aqu\u00ed<\/a>). La convocatoria del coloquio <strong>Por Tierras de las Am\u00e9ricas<\/strong> se puede consultar a continuaci\u00f3n en espa\u00f1ol, ingl\u00e9s y portugu\u00e9s.<br><br>We are pleased to announce that the Department of Hispanic Studies and the Inter-American Research Center of the University of Szeged have been invited to organize the pre-event of the 58th International Congress of Americanists (ICA) (more information about the conference <a href=\"https:\/\/ica2025.uns.ac.rs\/ica2025-eng\/\">here<\/a>). The call for papers for the colloquium <strong>Through the Lands of the Americas<\/strong> is available below in English, Spanish and Portuguese.<br><br>Temos o prazer de anunciar que o Departamento de Estudos Hisp\u00e2nicos da Universidade de Szeged e o Centro de Pesquisa Interamericano foram convidados a organizar o pr\u00e9-evento do 58\u00ba Congresso Internacional de Americanistas (ICA) (mais informa\u00e7\u00f5es sobre o congresso <a href=\"https:\/\/ica2025.uns.ac.rs\/ica2025-pt\/\">aqui<\/a>). O convite \u00e0 apresenta\u00e7\u00e3o de comunica\u00e7\u00f5es para o col\u00f3quio <strong>Por Terras das Am\u00e9ricas<\/strong> est\u00e1 dispon\u00edvel abaixo em ingl\u00eas, espanhol e portugu\u00eas.<\/p><\/blockquote><\/figure>\n\n\n\n<p class=\"has-text-align-center\">Patrocinador: Fundaci\u00f3n por Szeged \/ Sponsor: Foundation for Szeged <\/p>\n\n\n<div class=\"wp-block-image\">\n<figure class=\"aligncenter size-full is-resized\"><img loading=\"lazy\" decoding=\"async\" width=\"531\" height=\"469\" src=\"https:\/\/hispanisztikaszeged.hu\/wp-content\/uploads\/2025\/04\/Szegedert_Alapitvany_logo_felirattal-removebg-preview.png\" alt=\"\" class=\"wp-image-2523\" style=\"aspect-ratio:1.1318897637795275;width:98px;height:auto\" srcset=\"https:\/\/hispanisztikaszeged.hu\/wp-content\/uploads\/2025\/04\/Szegedert_Alapitvany_logo_felirattal-removebg-preview.png 531w, https:\/\/hispanisztikaszeged.hu\/wp-content\/uploads\/2025\/04\/Szegedert_Alapitvany_logo_felirattal-removebg-preview-300x265.png 300w, https:\/\/hispanisztikaszeged.hu\/wp-content\/uploads\/2025\/04\/Szegedert_Alapitvany_logo_felirattal-removebg-preview-306x270.png 306w\" sizes=\"auto, (max-width: 531px) 100vw, 531px\" \/><\/figure><\/div>\n\n<p><a href=\"https:\/\/hispanisztikaszeged.hu\/wp-content\/uploads\/2024\/10\/Viajar-por-las-Americas.pdf\">Convocatoria<\/a><\/p>\n<p><a href=\"https:\/\/hispanisztikaszeged.hu\/wp-content\/uploads\/2024\/10\/ENG-Por-tierras-de-las-Americas.pdf\">Call for Papers<\/a><\/p>\n<p><a href=\"https:\/\/hispanisztikaszeged.hu\/wp-content\/uploads\/2024\/10\/PORT-Por-tierras-de-las-Americas.pdf\">Convite \u00e0 apresenta\u00e7\u00e3o de comunica\u00e7\u00f5es<\/a><\/p>\n\n\n<div class=\"wp-block-buttons is-layout-flex wp-block-buttons-is-layout-flex\">\n<div class=\"wp-block-button\"><a class=\"wp-block-button__link wp-element-button\" href=\"https:\/\/forms.gle\/sFWKcMhSWdzhATqA8\">Registro \/ Registration<\/a><\/div>\n<\/div>\n","protected":false},"excerpt":{"rendered":"<p>Nos complace anunciar que el Departamento de Estudios Hisp\u00e1nicos y el Centro de Estudios Interamericanos de la Universidad de Szeged han sido invitados a organizar el pre-evento de la 58\u00aa Congreso Internacional de Americanistas (ICA) (m\u00e1s informaci\u00f3n sobre la conferencia <a href=\"https:\/\/hispanisztikaszeged.hu\/?page_id=2160\" class=\"read-more\">Read More &#8230;<\/a><\/p>\n","protected":false},"author":3,"featured_media":0,"parent":0,"menu_order":0,"comment_status":"closed","ping_status":"closed","template":"","meta":{"footnotes":""},"class_list":["post-2160","page","type-page","status-publish","hentry"],"_links":{"self":[{"href":"https:\/\/hispanisztikaszeged.hu\/index.php?rest_route=\/wp\/v2\/pages\/2160","targetHints":{"allow":["GET"]}}],"collection":[{"href":"https:\/\/hispanisztikaszeged.hu\/index.php?rest_route=\/wp\/v2\/pages"}],"about":[{"href":"https:\/\/hispanisztikaszeged.hu\/index.php?rest_route=\/wp\/v2\/types\/page"}],"author":[{"embeddable":true,"href":"https:\/\/hispanisztikaszeged.hu\/index.php?rest_route=\/wp\/v2\/users\/3"}],"replies":[{"embeddable":true,"href":"https:\/\/hispanisztikaszeged.hu\/index.php?rest_route=%2Fwp%2Fv2%2Fcomments&post=2160"}],"version-history":[{"count":31,"href":"https:\/\/hispanisztikaszeged.hu\/index.php?rest_route=\/wp\/v2\/pages\/2160\/revisions"}],"predecessor-version":[{"id":2584,"href":"https:\/\/hispanisztikaszeged.hu\/index.php?rest_route=\/wp\/v2\/pages\/2160\/revisions\/2584"}],"wp:attachment":[{"href":"https:\/\/hispanisztikaszeged.hu\/index.php?rest_route=%2Fwp%2Fv2%2Fmedia&parent=2160"}],"curies":[{"name":"wp","href":"https:\/\/api.w.org\/{rel}","templated":true}]}}

<figure class="wp-block-image size-full"><img loading="lazy" decoding="async" width="1920" height="1080" src="https://hispanisztikaszeged.hu/wp-content/uploads/2024/10/Viajes-por-las-Americas_cover.png" alt="" class="wp-image-2288" srcset="https://hispanisztikaszeged.hu/wp-content/uploads/2024/10/Viajes-por-las-Americas_cover.png 1920w, https://hispanisztikaszeged.hu/wp-content/uploads/2024/10/Viajes-por-las-Americas_cover-300x169.png 300w, https://hispanisztikaszeged.hu/wp-content/uploads/2024/10/Viajes-por-las-Americas_cover-768x432.png 768w, https://hispanisztikaszeged.hu/wp-content/uploads/2024/10/Viajes-por-las-Americas_cover-1536x864.png 1536w, https://hispanisztikaszeged.hu/wp-content/uploads/2024/10/Viajes-por-las-Americas_cover-360x203.png 360w" sizes="auto, (max-width: 1920px) 100vw, 1920px" /></figure>



<p></p>



<h2 class="wp-block-heading"> </h2>



<figure class="wp-block-pullquote has-text-align-left"><blockquote><p>Nos complace anunciar que el Departamento de Estudios Hispánicos y el Centro de Estudios Interamericanos de la Universidad de Szeged han sido invitados a organizar el pre-evento de la 58ª Congreso Internacional de Americanistas (ICA) (más información sobre la conferencia <a href="https://ica2025.uns.ac.rs/">aquí</a>). La convocatoria del coloquio <strong>Por Tierras de las Américas</strong> se puede consultar a continuación en español, inglés y portugués.<br><br>We are pleased to announce that the Department of Hispanic Studies and the Inter-American Research Center of the University of Szeged have been invited to organize the pre-event of the 58th International Congress of Americanists (ICA) (more information about the conference <a href="https://ica2025.uns.ac.rs/ica2025-eng/">here</a>). The call for papers for the colloquium <strong>Through the Lands of the Americas</strong> is available below in English, Spanish and Portuguese.<br><br>Temos o prazer de anunciar que o Departamento de Estudos Hispânicos da Universidade de Szeged e o Centro de Pesquisa Interamericano foram convidados a organizar o pré-evento do 58º Congresso Internacional de Americanistas (ICA) (mais informações sobre o congresso <a href="https://ica2025.uns.ac.rs/ica2025-pt/">aqui</a>). O convite à apresentação de comunicações para o colóquio <strong>Por Terras das Américas</strong> está disponível abaixo em inglês, espanhol e português.</p></blockquote></figure>



<p class="has-text-align-center">Patrocinador: Fundación por Szeged / Sponsor: Foundation for Szeged </p>


<div class="wp-block-image">
<figure class="aligncenter size-full is-resized"><img loading="lazy" decoding="async" width="531" height="469" src="https://hispanisztikaszeged.hu/wp-content/uploads/2025/04/Szegedert_Alapitvany_logo_felirattal-removebg-preview.png" alt="" class="wp-image-2523" style="aspect-ratio:1.1318897637795275;width:98px;height:auto" srcset="https://hispanisztikaszeged.hu/wp-content/uploads/2025/04/Szegedert_Alapitvany_logo_felirattal-removebg-preview.png 531w, https://hispanisztikaszeged.hu/wp-content/uploads/2025/04/Szegedert_Alapitvany_logo_felirattal-removebg-preview-300x265.png 300w, https://hispanisztikaszeged.hu/wp-content/uploads/2025/04/Szegedert_Alapitvany_logo_felirattal-removebg-preview-306x270.png 306w" sizes="auto, (max-width: 531px) 100vw, 531px" /></figure></div>

<p><a href="https://hispanisztikaszeged.hu/wp-content/uploads/2024/10/Viajar-por-las-Americas.pdf">Convocatoria</a></p>
<p><a href="https://hispanisztikaszeged.hu/wp-content/uploads/2024/10/ENG-Por-tierras-de-las-Americas.pdf">Call for Papers</a></p>
<p><a href="https://hispanisztikaszeged.hu/wp-content/uploads/2024/10/PORT-Por-tierras-de-las-Americas.pdf">Convite à apresentação de comunicações</a></p>


<div class="wp-block-buttons is-layout-flex wp-block-buttons-is-layout-flex">
<div class="wp-block-button"><a class="wp-block-button__link wp-element-button" href="https://forms.gle/sFWKcMhSWdzhATqA8">Registro / Registration</a></div>
</div>

<p>Nos complace anunciar que el Departamento de Estudios Hispánicos y el Centro de Estudios Interamericanos de la Universidad de Szeged han sido invitados a organizar el pre-evento de la 58ª Congreso Internacional de Americanistas (ICA) (más información sobre la conferencia <a href="https://hispanisztikaszeged.hu/?page_id=2160" class="read-more">Read More &#8230;</a></p>
